{"id":8600,"date":"2023-11-23T16:27:34","date_gmt":"2023-11-23T16:27:34","guid":{"rendered":"https:\/\/gervasi.cl\/?post_type=product&#038;p=8600"},"modified":"2026-04-28T18:39:25","modified_gmt":"2026-04-28T18:39:25","slug":"servicios-fabricacion-de-cilindros-hidraulicos-y-neumaticos","status":"publish","type":"product","link":"https:\/\/gervasi.cl\/index.php\/producto\/servicios-fabricacion-de-cilindros-hidraulicos-y-neumaticos\/","title":{"rendered":"Fabricaci\u00f3n de Cilindros Hidr\u00e1ulicos y Neum\u00e1ticos"},"content":{"rendered":"<p align=\"left\">Ofrecemos un servicio de fabricaci\u00f3n de cilindros hidr\u00e1ulicos y neum\u00e1ticos utilizando tecnolog\u00edas avanzadas y componentes de calidad.<\/p>\n","protected":false},"excerpt":{"rendered":"<p>Ofrecemos un servicio de fabricaci\u00f3n de cilindros hidr\u00e1ulicos y neum\u00e1ticos utilizando tecnolog\u00edas avanzadas y componentes de calidad.<\/p>\n","protected":false},"featured_media":8474,"comment_status":"open","ping_status":"closed","template":"","meta":[],"product_brand":[],"product_cat":[74],"product_tag":[],"class_list":{"0":"post-8600","1":"product","2":"type-product","3":"status-publish","4":"has-post-thumbnail","6":"product_cat-servicios-de-fabricacion-y-reparacion","8":"first","9":"instock","10":"shipping-taxable","11":"purchasable","12":"product-type-simple"},"acf":[],"_links":{"self":[{"href":"https:\/\/gervasi.cl\/index.php\/wp-json\/wp\/v2\/product\/8600","targetHints":{"allow":["GET"]}}],"collection":[{"href":"https:\/\/gervasi.cl\/index.php\/wp-json\/wp\/v2\/product"}],"about":[{"href":"https:\/\/gervasi.cl\/index.php\/wp-json\/wp\/v2\/types\/product"}],"replies":[{"embeddable":true,"href":"https:\/\/gervasi.cl\/index.php\/wp-json\/wp\/v2\/comments?post=8600"}],"wp:featuredmedia":[{"embeddable":true,"href":"https:\/\/gervasi.cl\/index.php\/wp-json\/wp\/v2\/media\/8474"}],"wp:attachment":[{"href":"https:\/\/gervasi.cl\/index.php\/wp-json\/wp\/v2\/media?parent=8600"}],"wp:term":[{"taxonomy":"product_brand","embeddable":true,"href":"https:\/\/gervasi.cl\/index.php\/wp-json\/wp\/v2\/product_brand?post=8600"},{"taxonomy":"product_cat","embeddable":true,"href":"https:\/\/gervasi.cl\/index.php\/wp-json\/wp\/v2\/product_cat?post=8600"},{"taxonomy":"product_tag","embeddable":true,"href":"https:\/\/gervasi.cl\/index.php\/wp-json\/wp\/v2\/product_tag?post=8600"}],"curies":[{"name":"wp","href":"https:\/\/api.w.org\/{rel}","templated":true}]}}