{"id":8460,"date":"2023-10-16T20:09:04","date_gmt":"2023-10-16T20:09:04","guid":{"rendered":"https:\/\/gervasi.cl\/?post_type=product&#038;p=8460"},"modified":"2026-04-28T18:31:03","modified_gmt":"2026-04-28T18:31:03","slug":"fabricacion-repuestos-mecanizados-cnc","status":"publish","type":"product","link":"https:\/\/gervasi.cl\/index.php\/producto\/fabricacion-repuestos-mecanizados-cnc\/","title":{"rendered":"Fabricacion repuestos mecanizados CNC"},"content":{"rendered":"<p>Fabricaci\u00f3n de piezas mecanizadas en pl\u00e1stico de ingenier\u00eda utilizando control num\u00e9rico computarizado (CNC) tornos y centro mecanizado.<\/p>\n","protected":false},"excerpt":{"rendered":"<p>Fabricaci\u00f3n de piezas mecanizadas en pl\u00e1stico de ingenier\u00eda utilizando control num\u00e9rico computarizado (CNC) tornos y centro mecanizado.<\/p>\n","protected":false},"featured_media":8461,"comment_status":"open","ping_status":"closed","template":"","meta":[],"product_brand":[],"product_cat":[70],"product_tag":[],"class_list":{"0":"post-8460","1":"product","2":"type-product","3":"status-publish","4":"has-post-thumbnail","6":"product_cat-repuestos-de-goma-y-metal-goma","8":"first","9":"instock","10":"shipping-taxable","11":"purchasable","12":"product-type-simple"},"acf":[],"_links":{"self":[{"href":"https:\/\/gervasi.cl\/index.php\/wp-json\/wp\/v2\/product\/8460","targetHints":{"allow":["GET"]}}],"collection":[{"href":"https:\/\/gervasi.cl\/index.php\/wp-json\/wp\/v2\/product"}],"about":[{"href":"https:\/\/gervasi.cl\/index.php\/wp-json\/wp\/v2\/types\/product"}],"replies":[{"embeddable":true,"href":"https:\/\/gervasi.cl\/index.php\/wp-json\/wp\/v2\/comments?post=8460"}],"wp:featuredmedia":[{"embeddable":true,"href":"https:\/\/gervasi.cl\/index.php\/wp-json\/wp\/v2\/media\/8461"}],"wp:attachment":[{"href":"https:\/\/gervasi.cl\/index.php\/wp-json\/wp\/v2\/media?parent=8460"}],"wp:term":[{"taxonomy":"product_brand","embeddable":true,"href":"https:\/\/gervasi.cl\/index.php\/wp-json\/wp\/v2\/product_brand?post=8460"},{"taxonomy":"product_cat","embeddable":true,"href":"https:\/\/gervasi.cl\/index.php\/wp-json\/wp\/v2\/product_cat?post=8460"},{"taxonomy":"product_tag","embeddable":true,"href":"https:\/\/gervasi.cl\/index.php\/wp-json\/wp\/v2\/product_tag?post=8460"}],"curies":[{"name":"wp","href":"https:\/\/api.w.org\/{rel}","templated":true}]}}