{"id":8443,"date":"2023-10-16T19:50:33","date_gmt":"2023-10-16T19:50:33","guid":{"rendered":"https:\/\/gervasi.cl\/?post_type=product&#038;p=8443"},"modified":"2026-04-28T18:38:43","modified_gmt":"2026-04-28T18:38:43","slug":"sello-wiper-o-barredor","status":"publish","type":"product","link":"https:\/\/gervasi.cl\/index.php\/producto\/sello-wiper-o-barredor\/","title":{"rendered":"Sello Wiper o barredor"},"content":{"rendered":"<p>Sello dise\u00f1ado para desempe\u00f1ar la funci\u00f3n de limpiadores de v\u00e1stagos en cilindros hidr\u00e1ulicos y neum\u00e1ticos.<\/p>\n","protected":false},"excerpt":{"rendered":"<p>Sello dise\u00f1ado para desempe\u00f1ar la funci\u00f3n de limpiadores de v\u00e1stagos en cilindros hidr\u00e1ulicos y neum\u00e1ticos.<\/p>\n","protected":false},"featured_media":8444,"comment_status":"open","ping_status":"closed","template":"","meta":[],"product_brand":[],"product_cat":[70],"product_tag":[],"class_list":{"0":"post-8443","1":"product","2":"type-product","3":"status-publish","4":"has-post-thumbnail","6":"product_cat-repuestos-de-goma-y-metal-goma","8":"first","9":"instock","10":"shipping-taxable","11":"purchasable","12":"product-type-simple"},"acf":[],"_links":{"self":[{"href":"https:\/\/gervasi.cl\/index.php\/wp-json\/wp\/v2\/product\/8443","targetHints":{"allow":["GET"]}}],"collection":[{"href":"https:\/\/gervasi.cl\/index.php\/wp-json\/wp\/v2\/product"}],"about":[{"href":"https:\/\/gervasi.cl\/index.php\/wp-json\/wp\/v2\/types\/product"}],"replies":[{"embeddable":true,"href":"https:\/\/gervasi.cl\/index.php\/wp-json\/wp\/v2\/comments?post=8443"}],"wp:featuredmedia":[{"embeddable":true,"href":"https:\/\/gervasi.cl\/index.php\/wp-json\/wp\/v2\/media\/8444"}],"wp:attachment":[{"href":"https:\/\/gervasi.cl\/index.php\/wp-json\/wp\/v2\/media?parent=8443"}],"wp:term":[{"taxonomy":"product_brand","embeddable":true,"href":"https:\/\/gervasi.cl\/index.php\/wp-json\/wp\/v2\/product_brand?post=8443"},{"taxonomy":"product_cat","embeddable":true,"href":"https:\/\/gervasi.cl\/index.php\/wp-json\/wp\/v2\/product_cat?post=8443"},{"taxonomy":"product_tag","embeddable":true,"href":"https:\/\/gervasi.cl\/index.php\/wp-json\/wp\/v2\/product_tag?post=8443"}],"curies":[{"name":"wp","href":"https:\/\/api.w.org\/{rel}","templated":true}]}}